 of 252 and 37464?
84
What is the greatest common divisor of 31848 and 12?
12
Calculate the greatest common factor of 2175 and 316245.
435
Calculate the highest common factor of 846 and 1927.
47
What is the greatest common divisor of 107 and 271673?
107
What is the greatest common divisor of 95 and 28747?
19
Calculate the highest common factor of 102 and 297874.
34
What is the highest common divisor of 274897 and 10899?
1211
Calculate the greatest common factor of 731401 and 11.
11
Calculate the greatest common factor of 1472 and 9016.
184
Calculate the highest common factor of 332 and 148238.
166
What is the highest common factor of 51666 and 1199?
109
What is the greatest common divisor of 1035 and 176445?
45
What is the highest common divisor of 80 and 76620?
20
What is the highest common factor of 13776 and 1204?
28
Calculate the highest common divisor of 50 and 58375.
25
What is the highest common divisor of 60028 and 172?
172
Calculate the highest common divisor of 174 and 456866.
58
Calculate the greatest common factor of 318 and 1803166.
106
Calculate the highest common divisor of 840 and 7680.
120
What is the greatest common factor of 33 and 2318338?
11
What is the greatest common divisor of 24 and 313332?
12
Calculate the greatest common factor of 2856 and 4964.
68
What is the greatest common factor of 48272 and 32?
16
What is the highest common factor of 11 and 397771?
11
Calculate the greatest common factor of 32 and 10742.
2
What is the greatest common factor of 3312 and 110676?
276
What is the highest common factor of 11102 and 294?
14
Calculate the highest common divisor of 126 and 17570.
14
What is the highest common factor of 53153 and 345?
23
What is the greatest common factor of 41952 and 224?
32
What is the highest common divisor of 3994081 and 13?
13
Calculate the highest common divisor of 194488 and 368.
184
What is the greatest common divisor of 91790 and 61975?
335
Calculate the greatest common factor of 60526 and 212.
106
What is the highest common divisor of 231 and 2119887?
231
What is the greatest common factor of 13414 and 1406?
38
Calculate the greatest common factor of 4743 and 165478.
527
Calculate the greatest common factor of 80 and 55904.
16
What is the greatest common factor of 1301276 and 12?
4
What is the greatest common divisor of 244920 and 180?
60
What is the greatest common divisor of 3645 and 35?
5
What is the highest common factor of 12700 and 1080?
20
Calculate the greatest common factor of 581 and 71629.
83
Calculate the greatest common factor of 80983 and 161.
161
What is the highest common factor of 126 and 238245?
21
What is the greatest common divisor of 66182 and 4?
2
What is the greatest common factor of 432 and 1062?
18
Calculate the greatest common factor of 116 and 442366.
58
What is the greatest common factor of 31104 and 81?
81
Calculate the highest common factor of 445 and 9230635.
445
Calculate the highest common factor of 8968 and 8.
8
What is the highest common divisor of 44 and 113366?
22
What is the greatest common divisor of 97857 and 249?
249
What is the greatest common divisor of 8 and 1622?
2
What is the greatest common factor of 418 and 561?
11
What is the highest common divisor of 4 and 371396?
4
Calculate the greatest common divisor of 115568 and 64.
16
Calculate the greatest common factor of 11987585 and 470.
235
What is the greatest common factor of 360924 and 798?
114
Calculate the highest common factor of 110303 and 73.
73
Calculate the highest common factor of 546810 and 220.
110
Calculate the greatest common divisor of 354570 and 3122.
446
Calculate the highest common factor of 59604 and 60.
12
What is the highest common divisor of 29 and 75893?
29
What is the greatest common divisor of 6790830 and 41?
41
Calculate the highest common factor of 647220 and 2300.
460
What is the greatest common factor of 559 and 2150?
43
What is the greatest common factor of 47053 and 422?
211
Calculate the highest common divisor of 2183 and 12469.
37
Calculate the highest common factor of 126 and 96306.
42
Calculate the greatest common factor of 385103 and 267.
89
What is the highest common factor of 17794 and 178514?
574
What is the highest common factor of 13221 and 99?
9
What is the highest common factor of 461043 and 66?
33
Calculate the highest common divisor of 33 and 1646535.
33
What is the highest common factor of 413 and 5117?
7
What is the greatest common divisor of 43804 and 8789?
47
Calculate the greatest common factor of 86987 and 37.
37
What is the highest common divisor of 3938 and 638?
22
What is the greatest common factor of 19454 and 1562?
142
What is the greatest common factor of 168 and 576660?
84
What is the greatest common factor of 848 and 10440576?
848
Calculate the highest common divisor of 1160 and 3944.
232
Calculate the highest common factor of 2223524 and 389.
389
Calculate the greatest common factor of 132 and 93742.
22
What is the highest common divisor of 20 and 2805370?
10
What is the greatest common divisor of 282604 and 56?
28
Calculate the greatest common divisor of 50790 and 780.
30
Calculate the highest common factor of 404180 and 56.
28
What is the highest common divisor of 1000 and 153250?
250
Calculate the highest common factor of 111150 and 2700.
450
Calculate the highest common divisor of 397797 and 291.
291
Calculate the highest common divisor of 3654 and 10598.
14
What is the highest common divisor of 253476 and 1548?
36
What is the greatest common factor of 177981 and 3567?
123
What is the highest common divisor of 54528 and 23004?
852
Calculate the highest common divisor of 27254 and 6.
2
Calculate the greatest common divisor of 1912 and 144834.
478
Calculate the greatest common factor of 75754 and 686.
98
Calculate the highest common factor of 52 and 4582539.
13
Calculate the highest common divisor of 538758 and 44.
22
What is the highest common factor of 34 and 494?
2
What is the greatest common factor of 1971536 and 112?
112
What is the highest common factor of 829608 and 234?
78
Calculate the highest common divisor of 5439 and 111.
111
Calculate the highest common divisor of 6845 and 190.
5
Calculate the greatest common divisor of 12444 and 9028.
244
Calculate the highest common divisor of 108 and 10782504.
108
What is the greatest common factor of 1016972 and 7018?
638
What is the greatest common factor of 945 and 171360?
315
Calculate the highest common divisor of 38 and 141664.
38
Calculate the highest common divisor of 11645 and 10001.
137
Calculate the highest common factor of 154 and 892474.
22
Calculate the greatest common divisor of 24831 and 36.
9
What is the highest common divisor of 595 and 226015?
85
What is the greatest common divisor of 1146 and 3459774?
1146
Calculate the greatest common factor of 392 and 279692.
196
What is the highest common factor of 4261892 and 237?
79
What is the greatest common divisor of 649 and 165?
11
Calculate the highest common divisor of 162 and 42687.
81
Calculate the highest common factor of 115 and 10511.
23
Calculate the highest common factor of 20806 and 8282.
202
What is the highest common factor of 34820 and 760?
20
Calculate the highest common divisor of 100 and 2304100.
100
What is the highest common factor of 4757 and 1943?
67
What is the highest common factor of 24 and 337956?
12
Calculate the highest common divisor of 39093 and 1.
1
Calculate the highest common divisor of 623 and 11179.
7
What is the greatest common factor of 977590 and 580?
290
Calculate the highest common divisor of 2915346 and 1148.
574
What is the greatest common divisor of 2 and 87562?
2
What is the greatest common divisor of 7524 and 7425?
99
Calculate the greatest common factor of 17820 and 1540.
220
What is the greatest common divisor of 2030 and 150510?
290
Calculate the highest common factor of 8 and 790232.
8
Calculate the highest common divisor of 66007 and 886.
443
What is the highest common divisor of 728 and 363454?
182
Calculate the greatest common factor of 885 and 1845.
15
What is the greatest common factor of 1150 and 1425?
25
Calculate the highest common factor of 971434 and 2.
2
Calculate the greatest common factor of 240 and 21328.
16
What is the highest common divisor of 5748 and 3297436?